 the remainder when 33941 is divided by 11308.
17
What is the remainder when 50109 is divided by 54?
51
What is the remainder when 2747 is divided by 482?
337
Calculate the remainder when 2881 is divided by 388.
165
Calculate the remainder when 21078 is divided by 10467.
144
What is the remainder when 136187 is divided by 27?
26
Calculate the remainder when 192779 is divided by 66.
59
Calculate the remainder when 53236 is divided by 512.
500
What is the remainder when 6380 is divided by 57?
53
What is the remainder when 2190 is divided by 47?
28
Calculate the remainder when 57793 is divided by 5245.
98
Calculate the remainder when 26557 is divided by 58.
51
Calculate the remainder when 294022 is divided by 147011.
0
What is the remainder when 45469 is divided by 421?
1
What is the remainder when 23813 is divided by 29?
4
Calculate the remainder when 23457 is divided by 11705.
47
What is the remainder when 305260 is divided by 433?
428
Calculate the remainder when 3617 is divided by 1202.
11
What is the remainder when 12587 is divided by 12550?
37
Calculate the remainder when 10771 is divided by 196.
187
What is the remainder when 248238 is divided by 16549?
3
Calculate the remainder when 4014 is divided by 1316.
66
Calculate the remainder when 261227 is divided by 37317.
8
What is the remainder when 26847 is divided by 30?
27
What is the remainder when 159496 is divided by 41?
6
What is the remainder when 650 is divided by 465?
185
What is the remainder when 777213 is divided by 64?
61
What is the remainder when 1032 is divided by 509?
14
Calculate the remainder when 142173 is divided by 47363.
84
Calculate the remainder when 9528 is divided by 2228.
616
Calculate the remainder when 499494 is divided by 353.
352
What is the remainder when 24448 is divided by 162?
148
What is the remainder when 79929 is divided by 17?
12
Calculate the remainder when 6134 is divided by 71.
28
Calculate the remainder when 766407 is divided by 721.
705
Calculate the remainder when 346 is divided by 185.
161
Calculate the remainder when 946 is divided by 482.
464
What is the remainder when 6161 is divided by 163?
130
What is the remainder when 1212 is divided by 1197?
15
Calculate the remainder when 19494 is divided by 97.
94
Calculate the remainder when 9411 is divided by 1170.
51
Calculate the remainder when 10496 is divided by 40.
16
What is the remainder when 667442 is divided by 41715?
2
What is the remainder when 1356 is divided by 298?
164
Calculate the remainder when 271 is divided by 83.
22
What is the remainder when 20468 is divided by 2912?
84
Calculate the remainder when 30330 is divided by 29.
25
What is the remainder when 890 is divided by 840?
50
What is the remainder when 270131 is divided by 270127?
4
What is the remainder when 45811 is divided by 15236?
103
What is the remainder when 115107 is divided by 13?
5
Calculate the remainder when 479 is divided by 142.
53
Calculate the remainder when 3197 is divided by 26.
25
Calculate the remainder when 8038748 is divided by 32.
28
What is the remainder when 20632 is divided by 5157?
4
Calculate the remainder when 1069 is divided by 140.
89
Calculate the remainder when 58113 is divided by 19158.
639
What is the remainder when 7067 is divided by 139?
117
What is the remainder when 12656 is divided by 37?
2
Calculate the remainder when 1592 is divided by 1130.
462
Calculate the remainder when 3457 is divided by 783.
325
Calculate the remainder when 85214 is divided by 74.
40
What is the remainder when 30642 is divided by 1224?
42
Calculate the remainder when 61471 is divided by 31.
29
Calculate the remainder when 180719 is divided by 9511.
10
Calculate the remainder when 169948 is divided by 55.
53
Calculate the remainder when 16075 is divided by 233.
231
What is the remainder when 2228 is divided by 540?
68
What is the remainder when 118328 is divided by 346?
342
What is the remainder when 835 is divided by 5?
0
Calculate the remainder when 13060 is divided by 353.
352
Calculate the remainder when 13853 is divided by 5.
3
Calculate the remainder when 55789 is divided by 18593.
10
What is the remainder when 34705 is divided by 337?
331
Calculate the remainder when 227389 is divided by 11.
8
What is the remainder when 133928 is divided by 167?
161
What is the remainder when 25235 is divided by 6174?
539
What is the remainder when 43244 is divided by 14?
12
Calculate the remainder when 1028918 is divided by 146988.
2
Calculate the remainder when 14016 is divided by 57.
51
Calculate the remainder when 390854 is divided by 108.
2
What is the remainder when 278796 is divided by 205?
201
What is the remainder when 10905 is divided by 158?
3
Calculate the remainder when 120559 is divided by 64.
47
What is the remainder when 27661 is divided by 6915?
1
What is the remainder when 85419 is divided by 791?
782
What is the remainder when 7277 is divided by 1039?
4
Calculate the remainder when 2680125 is divided by 564.
561
What is the remainder when 298485 is divided by 298482?
3
What is the remainder when 55788 is divided by 292?
16
What is the remainder when 8437 is divided by 69?
19
Calculate the remainder when 32199 is divided by 1794.
1701
Calculate the remainder when 4565 is divided by 57.
5
What is the remainder when 195614 is divided by 22?
12
Calculate the remainder when 5121 is divided by 2550.
21
What is the remainder when 434366 is divided by 217180?
6
What is the remainder when 693 is divided by 8?
5
Calculate the remainder when 1705 is divided by 36.
13
Calculate the remainder when 1505 is divided by 235.
95
What is the remainder when 525 is divided by 164?
33
Calculate the remainder when 300133 is divided by 11.
9
Calculate the remainder when 2314469 is divided by 179.
178
What is the remainder when 2381 is divided by 792?
5
Calculate the remainder when 102459 is divided by 34139.
42
What is the remainder when 385548 is divided by 5?
3
What is the remainder when 2338 is divided by 179?
11
Calculate the remainder when 10415 is divided by 3332.
419
What is the remainder when 2376 is divided by 290?
56
What is the remainder when 27549 is divided by 42?
39
What is the remainder when 690 is divided by 85?
10
Calculate the remainder when 353649 is divided by 70720.
49
What is the remainder when 1614 is divided by 272?
254
Calculate the remainder when 2863 is divided by 28.
7
What is the remainder when 136866 is divided by 97?
96
Calculate the remainder when 247952 is divided by 1122.
1112
What is the remainder when 226431 is divided by 45?
36
What is the remainder when 492 is divided by 350?
142
What is the remainder when 10731 is divided by 244?
239
Calculate the remainder when 15947 is divided by 13.
9
Calculate the remainder when 1633100 is divided by 337.
335
Calculate the remainder when 783675 is divided by 658.
655
Calculate the remainder when 4080 is divided by 97.
6
Calculate the remainder when 851684 is divided by 7537.
3
What is the remainder when 1443 is divided by 210?
183
Calculate the remainder when 12451 is divided by 829.
16
Calculate the remainder when 33477 is divided by 633.
561
What is the remainder when 121115 is divided by 68?
7
Calculate the remainder when 31887 is divided by 15942.
3
Calculate the remainder when 462806 is divided by 34.
32
Calculate the remainder when 2327 is divided by 196.
171
What is the remainder when 317345 is divided by 233?
232
What is the remainder when 93316 is divided by 46631?
54
What is the remainder when 8943 is divided by 8929?
14
What is the remainder when 13774 is divided by 574?
572
What is the remainder when 1102947 is divided by 215?
212
What is the remainder when 26848 is divided by 3834?
10
Calculate the remainder when 7320 is divided by 703.
290
Calculate the remainder when 26962 is divided by 3847.
33
What is the remainder when 49802 is divided by 96?
74
What is the remainder when 1602 is divided by 819?
783
Calculate the remainder when 4490 is divided by 4348.
142
What is the remainder when 890531 is divided by 261?
260
Calculate the remainder when 12690 is divided by 6135.
420
Calculate the remainder when 3098 is divided by 389.
375
What is the remainder when 2161 is divided by 524?
65
Calculate the remainder when 15529 is divided by 160.
